{"id":318,"date":"2025-04-04T12:46:01","date_gmt":"2025-04-04T10:46:01","guid":{"rendered":"https:\/\/fizjocare.com.pl\/?page_id=318"},"modified":"2026-04-19T22:08:39","modified_gmt":"2026-04-19T20:08:39","slug":"o-nas","status":"publish","type":"page","link":"https:\/\/fizjocare.com.pl\/?page_id=318","title":{"rendered":"O Nas"},"content":{"rendered":"\n<div class=\"wp-block-group alignfull has-accent-background-color has-background has-global-padding is-content-justification-right is-layout-constrained wp-container-core-group-is-layout-c764b1bc wp-block-group-is-layout-constrained\" style=\"min-height:0px;margin-top:var(--wp--preset--spacing--40);margin-bottom:var(--wp--preset--spacing--40);padding-top:0;padding-right:var(--wp--preset--spacing--60);padding-bottom:0;padding-left:var(--wp--preset--spacing--60)\">\n<div class=\"wp-block-columns alignwide is-layout-flex wp-container-core-columns-is-layout-1da03c2a wp-block-columns-is-layout-flex\">\n<div class=\"wp-block-column is-vertically-aligned-center is-layout-flow wp-block-column-is-layout-flow\" style=\"flex-basis:50%\">\n<figure class=\"wp-block-image size-large is-resized is-style-rounded is-style-rounded--1\"><img loading=\"lazy\" decoding=\"async\" width=\"819\" height=\"1024\" src=\"https:\/\/fizjocare.com.pl\/wp-content\/uploads\/2024\/03\/3F32E0D6-9791-4F77-BEBC-F7DC313E9A0B-2-819x1024.jpg\" alt=\"\" class=\"wp-image-203\" style=\"aspect-ratio:0.75;object-fit:cover;width:301px;height:auto\" srcset=\"https:\/\/fizjocare.com.pl\/wp-content\/uploads\/2024\/03\/3F32E0D6-9791-4F77-BEBC-F7DC313E9A0B-2-819x1024.jpg 819w, https:\/\/fizjocare.com.pl\/wp-content\/uploads\/2024\/03\/3F32E0D6-9791-4F77-BEBC-F7DC313E9A0B-2-240x300.jpg 240w, https:\/\/fizjocare.com.pl\/wp-content\/uploads\/2024\/03\/3F32E0D6-9791-4F77-BEBC-F7DC313E9A0B-2-768x960.jpg 768w, https:\/\/fizjocare.com.pl\/wp-content\/uploads\/2024\/03\/3F32E0D6-9791-4F77-BEBC-F7DC313E9A0B-2-600x750.jpg 600w, https:\/\/fizjocare.com.pl\/wp-content\/uploads\/2024\/03\/3F32E0D6-9791-4F77-BEBC-F7DC313E9A0B-2.jpg 1125w\" sizes=\"auto, (max-width: 819px) 100vw, 819px\" \/><\/figure>\n<\/div>\n\n\n\n<div class=\"wp-block-column is-vertically-aligned-stretch is-layout-flow wp-block-column-is-layout-flow\" style=\"flex-basis:50%\">\n<div class=\"wp-block-group is-vertical is-content-justification-stretch is-layout-flex wp-container-core-group-is-layout-444d5ee8 wp-block-group-is-layout-flex\" style=\"min-height:100%\">\n<p><\/p>\n\n\n\n<p><\/p>\n\n\n\n<p><\/p>\n\n\n\n<p class=\"has-heading-font-family has-x-large-font-size\" style=\"line-height:1.2\">Paulina Jaskulska           <\/p>\n\n\n\n<div class=\"wp-block-group has-global-padding is-content-justification-left is-layout-constrained wp-container-core-group-is-layout-9fe8ed88 wp-block-group-is-layout-constrained\">\n<p class=\"has-heading-font-family wp-container-content-0733e5d0\">Fizjoterapeutka<br>W\u0142a\u015bcicielka gabinetu<\/p>\n\n\n\n<div class=\"wp-block-buttons is-layout-flex wp-block-buttons-is-layout-flex\">\n<div class=\"wp-block-button\"><a class=\"wp-block-button__link wp-element-button\" href=\"https:\/\/fizjocare.com.pl\/?page_id=77\">O mnie<\/a><\/div>\n<\/div>\n<\/div>\n<\/div>\n<\/div>\n<\/div>\n<\/div>\n\n\n\n<div class=\"wp-block-group alignfull has-accent-background-color has-background has-global-padding is-layout-constrained wp-container-core-group-is-layout-2ff42b33 wp-block-group-is-layout-constrained\" style=\"margin-top:var(--wp--preset--spacing--40);margin-bottom:var(--wp--preset--spacing--40);padding-top:0;padding-right:var(--wp--preset--spacing--60);padding-bottom:0;padding-left:var(--wp--preset--spacing--60)\">\n<div class=\"wp-block-columns alignwide is-layout-flex wp-container-core-columns-is-layout-1da03c2a wp-block-columns-is-layout-flex\">\n<div class=\"wp-block-column is-vertically-aligned-center is-layout-flow wp-block-column-is-layout-flow\" style=\"flex-basis:50%\">\n<figure class=\"wp-block-image size-large is-resized is-style-rounded is-style-rounded--2\"><img loading=\"lazy\" decoding=\"async\" width=\"757\" height=\"1024\" src=\"https:\/\/fizjocare.com.pl\/wp-content\/uploads\/2026\/04\/IMG_9885-scaled-e1776628493584-757x1024.jpg\" alt=\"\" class=\"wp-image-371\" style=\"aspect-ratio:0.75;object-fit:cover;width:301px;height:auto\" srcset=\"https:\/\/fizjocare.com.pl\/wp-content\/uploads\/2026\/04\/IMG_9885-scaled-e1776628493584-757x1024.jpg 757w, https:\/\/fizjocare.com.pl\/wp-content\/uploads\/2026\/04\/IMG_9885-scaled-e1776628493584-222x300.jpg 222w, https:\/\/fizjocare.com.pl\/wp-content\/uploads\/2026\/04\/IMG_9885-scaled-e1776628493584-768x1038.jpg 768w, https:\/\/fizjocare.com.pl\/wp-content\/uploads\/2026\/04\/IMG_9885-scaled-e1776628493584-1136x1536.jpg 1136w, https:\/\/fizjocare.com.pl\/wp-content\/uploads\/2026\/04\/IMG_9885-scaled-e1776628493584-1515x2048.jpg 1515w, https:\/\/fizjocare.com.pl\/wp-content\/uploads\/2026\/04\/IMG_9885-scaled-e1776628493584-600x811.jpg 600w, https:\/\/fizjocare.com.pl\/wp-content\/uploads\/2026\/04\/IMG_9885-scaled-e1776628493584.jpg 1562w\" sizes=\"auto, (max-width: 757px) 100vw, 757px\" \/><\/figure>\n<\/div>\n\n\n\n<div class=\"wp-block-column is-vertically-aligned-stretch is-layout-flow wp-block-column-is-layout-flow\" style=\"flex-basis:50%\">\n<div class=\"wp-block-group is-vertical is-content-justification-stretch is-layout-flex wp-container-core-group-is-layout-444d5ee8 wp-block-group-is-layout-flex\" style=\"min-height:100%\">\n<p><\/p>\n\n\n\n<p><\/p>\n\n\n\n<p><\/p>\n\n\n\n<p class=\"has-heading-font-family has-x-large-font-size\" style=\"line-height:1.2\">Ewa Ajdacka<\/p>\n\n\n\n<div class=\"wp-block-group has-global-padding is-content-justification-left is-layout-constrained wp-container-core-group-is-layout-9fe8ed88 wp-block-group-is-layout-constrained\">\n<p class=\"has-heading-font-family wp-container-content-0733e5d0\">Fizjoterapeutka<br>Medyczny trener personalny<\/p>\n\n\n\n<div class=\"wp-block-buttons is-layout-flex wp-block-buttons-is-layout-flex\">\n<div class=\"wp-block-button\"><a class=\"wp-block-button__link wp-element-button\" href=\"https:\/\/fizjocare.com.pl\/?page_id=373\">O mnie<\/a><\/div>\n<\/div>\n<\/div>\n<\/div>\n<\/div>\n<\/div>\n<\/div>\n\n\n\n<div class=\"wp-block-group alignfull has-accent-background-color has-background has-global-padding is-layout-constrained wp-container-core-group-is-layout-2ff42b33 wp-block-group-is-layout-constrained\" style=\"margin-top:var(--wp--preset--spacing--40);margin-bottom:var(--wp--preset--spacing--40);padding-top:0;padding-right:var(--wp--preset--spacing--60);padding-bottom:0;padding-left:var(--wp--preset--spacing--60)\">\n<div class=\"wp-block-columns alignwide is-layout-flex wp-container-core-columns-is-layout-1da03c2a wp-block-columns-is-layout-flex\">\n<div class=\"wp-block-column is-vertically-aligned-center is-layout-flow wp-block-column-is-layout-flow\" style=\"flex-basis:50%\">\n<figure class=\"wp-block-image size-large is-resized is-style-rounded is-style-rounded--3\"><img loading=\"lazy\" decoding=\"async\" width=\"780\" height=\"1024\" src=\"https:\/\/fizjocare.com.pl\/wp-content\/uploads\/2025\/04\/IMG_6176-2-780x1024.jpg\" alt=\"\" class=\"wp-image-330\" style=\"aspect-ratio:0.75;object-fit:cover;width:301px;height:auto\" srcset=\"https:\/\/fizjocare.com.pl\/wp-content\/uploads\/2025\/04\/IMG_6176-2-780x1024.jpg 780w, https:\/\/fizjocare.com.pl\/wp-content\/uploads\/2025\/04\/IMG_6176-2-229x300.jpg 229w, https:\/\/fizjocare.com.pl\/wp-content\/uploads\/2025\/04\/IMG_6176-2-768x1008.jpg 768w, https:\/\/fizjocare.com.pl\/wp-content\/uploads\/2025\/04\/IMG_6176-2-1170x1536.jpg 1170w, https:\/\/fizjocare.com.pl\/wp-content\/uploads\/2025\/04\/IMG_6176-2-1560x2048.jpg 1560w, https:\/\/fizjocare.com.pl\/wp-content\/uploads\/2025\/04\/IMG_6176-2-600x788.jpg 600w, https:\/\/fizjocare.com.pl\/wp-content\/uploads\/2025\/04\/IMG_6176-2-scaled.jpg 1950w\" sizes=\"auto, (max-width: 780px) 100vw, 780px\" \/><\/figure>\n<\/div>\n\n\n\n<div class=\"wp-block-column is-vertically-aligned-stretch is-layout-flow wp-block-column-is-layout-flow\" style=\"flex-basis:50%\">\n<div class=\"wp-block-group is-vertical is-content-justification-stretch is-layout-flex wp-container-core-group-is-layout-444d5ee8 wp-block-group-is-layout-flex\" style=\"min-height:100%\">\n<p><\/p>\n\n\n\n<p><\/p>\n\n\n\n<p><\/p>\n\n\n\n<p class=\"has-heading-font-family has-x-large-font-size\" style=\"line-height:1.2\">Kinga Bana\u015bkiewicz           <\/p>\n\n\n\n<div class=\"wp-block-group has-global-padding is-content-justification-left is-layout-constrained wp-container-core-group-is-layout-9fe8ed88 wp-block-group-is-layout-constrained\">\n<p class=\"has-heading-font-family wp-container-content-0733e5d0\">Fizjoterapeutka<\/p>\n\n\n\n<div class=\"wp-block-buttons is-layout-flex wp-block-buttons-is-layout-flex\">\n<div class=\"wp-block-button\"><a class=\"wp-block-button__link wp-element-button\" href=\"https:\/\/fizjocare.com.pl\/?page_id=322\">O mnie<\/a><\/div>\n<\/div>\n<\/div>\n<\/div>\n<\/div>\n<\/div>\n<\/div>\n\n\n\n<p><\/p>\n","protected":false},"excerpt":{"rendered":"<p>Paulina Jaskulska FizjoterapeutkaW\u0142a\u015bcicielka gabinetu Ewa Ajdacka FizjoterapeutkaMedyczny trener personalny Kinga Bana\u015bkiewicz Fizjoterapeutka<\/p>\n","protected":false},"author":1,"featured_media":0,"parent":0,"menu_order":0,"comment_status":"closed","ping_status":"closed","template":"","meta":{"footnotes":""},"class_list":["post-318","page","type-page","status-publish","hentry"],"jetpack_sharing_enabled":true,"_links":{"self":[{"href":"https:\/\/fizjocare.com.pl\/index.php?rest_route=\/wp\/v2\/pages\/318","targetHints":{"allow":["GET"]}}],"collection":[{"href":"https:\/\/fizjocare.com.pl\/index.php?rest_route=\/wp\/v2\/pages"}],"about":[{"href":"https:\/\/fizjocare.com.pl\/index.php?rest_route=\/wp\/v2\/types\/page"}],"author":[{"embeddable":true,"href":"https:\/\/fizjocare.com.pl\/index.php?rest_route=\/wp\/v2\/users\/1"}],"replies":[{"embeddable":true,"href":"https:\/\/fizjocare.com.pl\/index.php?rest_route=%2Fwp%2Fv2%2Fcomments&post=318"}],"version-history":[{"count":10,"href":"https:\/\/fizjocare.com.pl\/index.php?rest_route=\/wp\/v2\/pages\/318\/revisions"}],"predecessor-version":[{"id":381,"href":"https:\/\/fizjocare.com.pl\/index.php?rest_route=\/wp\/v2\/pages\/318\/revisions\/381"}],"wp:attachment":[{"href":"https:\/\/fizjocare.com.pl\/index.php?rest_route=%2Fwp%2Fv2%2Fmedia&parent=318"}],"curies":[{"name":"wp","href":"https:\/\/api.w.org\/{rel}","templated":true}]}}